2*o - 4*u + 122. Calculate the remainder when 126 is divided by o.
59
Let d(k) = -3*k**2 + 98*k + 24. Suppose -y - 22 = -2*c + 3*y, -71 = -5*c + 2*y. What is the remainder when d(32) is divided by c?
13
Let y(s) = -30*s + 38. Calculate the remainder when y(-5) is divided by -3 - (-1 + -3 - 26).
26
Let l = 7 - -59. Suppose 0*a + l = 4*a - 2*q, -q + 24 = a. What is the remainder when a is divided by 7?
5
Suppose 3*o + 4*a = 596, -2*a = -2*o + 6*o - 808. Calculate the remainder when o is divided by 30.
24
Let j = 2046 - 2024. Calculate the remainder when 62 is divided by j.
18
Let d(m) = 2*m**2 - 87*m - 208. What is the remainder when d(48) is divided by 76?
72
Suppose -167 - 379 = -21*s. Calculate the remainder when 700 is divided by s.
24
Calculate the remainder when 172 is divided by (-33)/(-11)*58/6.
27
Calculate the remainder when (-1150)/25*-3*(-34)/(-12) is divided by 57.
49
Let n(j) = -j**3 + 7*j**2 + 5*j - 9. Calculate the remainder when n(7) is divided by ((-27)/(-15))/(3/25).
11
Let d be (-242)/9*-3 + 5/15. Suppose i - 62 = d. Calculate the remainder when i is divided by 36.
35
Suppose 3*z = 3*p - 159, 0 = -3*p + 3*z - z + 164. Let y = -737 + 757. Calculate the remainder when p is divided by y.
18
Suppose -78 = -v - 74. Suppose 0 = -v*h - 4, -2*x - h + 24 = 3*x. Calculate the remainder when 19 is divided by x.
4
Suppose -j + d = -4 - 3, 0 = -2*j + 5*d + 2. Calculate the remainder when (8 - 2 - -47) + 0 + 0 is divided by j.
9
Let i(d) = 29*d + 78. What is the remainder when 66 is divided by i(-2)?
6
Let t(p) = -9*p - 19. Let y = 31 - 23. Calculate the remainder when t(-4) is divided by y.
1
Let s(n) = 6*n**2 + 8*n - 5. Let i(y) = y**2 + 1. Let j(k) = 5*i(k) - s(k). What is the remainder when 48 is divided by j(-8)?
8
Let l = -128 + 223. Suppose 3*y = -2*y + 4*i + l, 5*y - 95 = 2*i. What is the remainder when 49 is divided by y?
11
Let n = 256 - 218. What is the remainder when n is divided by 22?
16
Suppose -2*f + 134 = p - 13, 5*f + p - 372 = 0. Suppose -2*r - f = -7*r. What is the remainder when 44 is divided by r?
14
Let k(g) = -4*g**2 - 51*g - 21. Calculate the remainder when k(-12) is divided by 3.
0
Let l(u) = -u + 7. Suppose -r - 6 = -4*i, -4*i - 3*r = -10 - 4. What is the remainder when i is divided by l(5)?
0
Suppose -9*l = -3*l + 30. Calculate the remainder when 91 is divided by (-115)/l*(1 - 0).
22
Suppose -5*l - 21 = -1. Calculate the remainder when (-28)/(-24)*l*-12 is divided by 19.
18
Let i = 113 - -21. Calculate the remainder when i is divided by 70.
64
Let p be (64/(-16))/(2/(-6)). Suppose -3*b = 4*y - 12, 0 = -3*b + 5*y - 2*y + p. What is the remainder when 11 is divided by b?
3
Suppose y = 3*g + 103, 25*g - 261 = -3*y + 22*g. Calculate the remainder when 300 is divided by y.
27
Let p be (6/15)/(2/35). Suppose p*g - 4 = 10. Calculate the remainder when ((-6)/(-12))/(2/28) is divided by g.
1
Let c(t) = -5*t**2 + 171*t + 168. Let w(o) = o**3 - 5*o**2 - 6*o + 6. Calculate the remainder when c(35) is divided by w(6).
4
Suppose 64*p = -5*p + 897. Calculate the remainder when 48 is divided by p.
9
Let b = -9 - 25. Suppose -5*k - 114 + 13 = -4*n, 2*n - 40 = 2*k. Let c = k - b. What is the remainder when c is divided by 5?
3
Let n(m) = -7*m**2 - 68*m - 9. What is the remainder when n(-6) is divided by 41?
24
Suppose -3*a = -5*a + 154. Suppose -16*c - 112 = -9*w - 18*c, -3*c = -4*w + 77. Calculate the remainder when a is divided by w.
7
Let i(a) = -29*a - 2. Let n be i(1). Let m = 37 + n. Let f = 30 - 7. What is the remainder when f is divided by m?
5
Suppose -x = -5*m - 16, 6*x - m = x - 16. Let n be x/(-14) - (-427)/49. Suppose -n*h + 5*h + 20 = 0. Calculate the remainder when 13 is divided by h.
3
Suppose 0 = 2*i + 2*l - 4 - 0, -5*i + 3*l + 18 = 0. Calculate the remainder when 6 is divided by i.
0
Let l = 47 - 33. Suppose 5*i + 4*u = -66, -4*i + 3*u - 45 - l = 0. What is the remainder when 28 is divided by (40/14)/((-4)/i)?
8
Suppose 0 = -l - 3*k + 30, 2*l + 5*k - 17 = 38. What is the remainder when l is divided by ((-6)/10)/(-1 + 140/150)?
6
Let n = 384 + -375. What is the remainder when 34 is divided by n?
7
Let o(j) = 4*j**3 - 2*j**2 + 4*j + 4. Let i be o(-3). Calculate the remainder when (-8)/4*i/4 is divided by 23.
21
Let d = 51 - 46. Suppose -d*j + 6*j = 33. What is the remainder when j is divided by 12?
9
Let m(f) = -2*f**2 - 16*f + 70. Calculate the remainder when 481 is divided by m(-11).
1
Let s(l) = 28*l**2 - 3*l - 2. Let k be s(-1). Let m = k + -1. What is the remainder when 53 is divided by m?
25
Suppose 4*l - m - 525 = 0, m = -l + 6*m + 117. What is the remainder when l is divided by 69?
63
Suppose 23*s - 155 = -8*s. Calculate the remainder when 37 is divided by s.
2
Let g = -80 - -36. Suppose 0*n - 186 = -3*n. Let y = g + n. Calculate the remainder when 53 is divided by y.
17
Let y = -545 - -612. What is the remainder when 1406 is divided by y?
66
Let w be 1*10 + (7 - 8). Let i = 15 - w. Suppose -2*t - 236 = -4*r - i*t, 3*t = 3*r - 159. What is the remainder when r is divided by 29?
27
Let z = -10 - -165. Suppose -z = -6*s + s. What is the remainder when 90 is divided by s?
28
Suppose -3*g + 169 = q - 136, -5*g = 3*q - 511. Let b(o) = 24*o - 38. Calculate the remainder when g is divided by b(3).
33
Let j = 76 - 29. Let v = 55 - j. Calculate the remainder when v is divided by 3.
2
Suppose 2*d = -d - k + 107, -k = -5. Calculate the remainder when d is divided by (-6)/21 - 384/(-21).
16
Suppose 0 = i - 2*i - 26. Let q be 4/(-16) - i/8. Suppose q*y - 56 = -2*a + 8, 28 = y + 2*a. Calculate the remainder when y is divided by 5.
3
Calculate the remainder when ((-465)/12)/(-4 + 90/24) is divided by 23.
17
Let o = -4 + 5. Suppose -2*w = -3*w + o. Calculate the remainder when 49 is divided by (-2)/(w/(51/(-6))).
15
Suppose 4*o - 330 = -2*o. Let i(r) = -3*r + 20. What is the remainder when o is divided by i(0)?
15
Suppose 13 - 32 = -m. Calculate the remainder when 54 is divided by m.
16
Let p = -2 - -8. Suppose -p*w = -2*w - 36. Let a(q) = 14*q - 3. What is the remainder when a(w) is divided by 31?
30
Let b(g) = -g**2 + 7*g. What is the remainder when b(5) is divided by (-648)/54*(-3)/4?
1
Calculate the remainder when (0 - -1)*(36*1 - -1) is divided by 1/(-6 + 147/24).
5
Let h = -1170 + 1255. What is the remainder when h is divided by 81?
4
Let p be (-22)/(-4) + (-54)/36. Let n(f) = 51*f**3 - f**2. Let w be n(1). Suppose p*q - w = -q. Calculate the remainder when 17 is divided by q.
7
Let n = -32 - -46. What is the remainder when 53 is divided by n?
11
Suppose 12 = 4*t - 4*a, -4*a - 6 = -4*t - 6*a. Suppose -5*u = t*u - 119. Calculate the remainder when 26 is divided by u.
9
Suppose -2*l - 8*y + 142 = -5*y, 2*l = 3*y + 154. Calculate the remainder when 124 is divided by l.
50
Let h(l) = -l + 1. Let n be h(-3). Let s = 6 + n. Suppose 0*y - 5*y = -s. What is the remainder when 6 is divided by y?
0
Suppose 4*d = -2*r + 21 + 39, 4 = d - 5*r. Calculate the remainder when 1/(1/79) + 3 is divided by d.
12
Suppose -m - d - 1 = -5, 5*m + 4*d = 20. Suppose 2*w = -0*w + 10, -m*i + 5*w + 19 = 0. Calculate the remainder when 20 is divided by i.
9
Let a(p) = -2*p**3 - 15*p**2 - 14*p + 30. What is the remainder when a(-10) is divided by 11?
10
Let i(n) = n + 12. Let w be i(-5). Let v = 0 + w. Suppose -3*u - 68 = -v*u. What is the remainder when u is divided by 6?
5
Let n = 106 + -53. What is the remainder when 474 is divided by n?
50
Let u(z) be the third derivative of z**6/120 + z**5/6 - 3*z**4/8 + 17*z**3/3 - 2*z**2 - 10*z. What is the remainder when u(-11) is divided by 7?
5
Let w(f) = f**3 - 7*f**2 - 9*f + 9. Let l be w(8). Let v be 0 - (-3 - (-6)/3). What is the remainder when (-8 - l)/(0 - v) is divided by 6?
3
Let g(s) = -s**3 + 12*s**2 - 9*s - 11. Let r be g(11). Suppose -24 - 4 = -2*o - 4*z, z - r = -o. Calculate the remainder when 22 is divided by o.
6
Suppose 4*v + 4*m = 28, 4*v - 5*m - 4 = 51. Suppose v = 2*q - q. Let g = -3203 - -3206. What is the remainder when q is divided by g?
1
Suppose -987 = p + 2*p + 3*f, 0 = 5*p - f + 1657. Let k = -222 - p. Calculate the remainder when k is divided by 28.
25
Let b(t) = 8*t + 2. Let g be b(0). Suppose -2 = -4*m + g, 4*m + 66 = 2*v. Calculate the remainder when v is divided by 12